digit of 611864?
8
What is the units digit of 270965?
5
What is the millions digit of 3892420?
3
What is the units digit of 268396?
6
What is the ten thousands digit of 371908?
7
What is the ten thousands digit of 6042657?
4
What is the ten thousands digit of 1641871?
4
What is the ten thousands digit of 346125?
4
What is the units digit of 1424391?
1
What is the millions digit of 6375215?
6
What is the thousands digit of 1149517?
9
What is the tens digit of 823028?
2
What is the millions digit of 26768723?
6
What is the hundred thousands digit of 209493?
2
What is the units digit of 645569?
9
What is the units digit of 582946?
6
What is the units digit of 597117?
7
What is the hundreds digit of 340409?
4
What is the millions digit of 6964084?
6
What is the hundreds digit of 2763775?
7
What is the millions digit of 5467350?
5
What is the hundreds digit of 91554?
5
What is the tens digit of 2661139?
3
What is the hundreds digit of 74737?
7
What is the units digit of 80088?
8
What is the thousands digit of 768760?
8
What is the ten thousands digit of 213010?
1
What is the millions digit of 8277794?
8
What is the ten thousands digit of 28716?
2
What is the millions digit of 3238346?
3
What is the hundred thousands digit of 573439?
5
What is the hundred thousands digit of 2017201?
0
What is the units digit of 13212562?
2
What is the hundred thousands digit of 6574022?
5
What is the hundreds digit of 859189?
1
What is the hundred thousands digit of 162948?
1
What is the ten thousands digit of 3192903?
9
What is the tens digit of 526288?
8
What is the hundred thousands digit of 103904?
1
What is the tens digit of 14452842?
4
What is the hundred thousands digit of 5960925?
9
What is the ten thousands digit of 2131189?
3
What is the thousands digit of 96881?
6
What is the millions digit of 16826339?
6
What is the hundred thousands digit of 8785657?
7
What is the tens digit of 1755342?
4
What is the tens digit of 918339?
3
What is the ten thousands digit of 193977?
9
What is the tens digit of 8187253?
5
What is the ten thousands digit of 3754533?
5
What is the tens digit of 34704?
0
What is the units digit of 116177?
7
What is the thousands digit of 221574?
1
What is the thousands digit of 688658?
8
What is the millions digit of 1635007?
1
What is the thousands digit of 4844942?
4
What is the tens digit of 1361929?
2
What is the hundred thousands digit of 26475976?
4
What is the thousands digit of 765925?
5
What is the hundred thousands digit of 451552?
4
What is the thousands digit of 188479?
8
What is the hundreds digit of 4561435?
4
What is the units digit of 432725?
5
What is the ten thousands digit of 4924977?
2
What is the ten thousands digit of 386427?
8
What is the thousands digit of 6254252?
4
What is the hundred thousands digit of 13115012?
1
What is the tens digit of 645597?
9
What is the tens digit of 1822468?
6
What is the units digit of 636221?
1
What is the hundreds digit of 337363?
3
What is the ten thousands digit of 2041837?
4
What is the hundred thousands digit of 11932847?
9
What is the ten thousands digit of 2886761?
8
What is the thousands digit of 1596148?
6
What is the units digit of 21163917?
7
What is the hundreds digit of 1948861?
8
What is the ten thousands digit of 2420068?
2
What is the ten thousands digit of 9235849?
3
What is the ten thousands digit of 1342127?
4
What is the ten thousands digit of 3763310?
6
What is the hundred thousands digit of 608022?
6
What is the millions digit of 17911943?
7
What is the hundreds digit of 2349557?
5
What is the thousands digit of 237582?
7
What is the hundred thousands digit of 233930?
2
What is the hundreds digit of 25561?
5
What is the ten thousands digit of 1101510?
0
What is the tens digit of 1334757?
5
What is the thousands digit of 460054?
0
What is the hundreds digit of 71170?
1
What is the thousands digit of 19738315?
8
What is the tens digit of 999882?
8
What is the thousands digit of 8669650?
9
What is the hundreds digit of 773801?
8
What is the ten thousands digit of 1468977?
6
What is the ten thousands digit of 53189?
5
What is the ten thousands digit of 74500?
7
What is the hundreds digit of 22290418?
4
What is the tens digit of 470524?
2
What is the millions digit of 1253144?
1
What is the tens digit of 169634?
3
What is the units digit of 3955110?
0
What is the hundreds digit of 10493451?
4
What is the ten thousands digit of 97538?
9
What is the units digit of 78019?
9
What is the tens digit of 520178?
7
What is the tens digit of 88009?
0
What is the tens digit of 20416?
1
What is the millions digit of 2770812?
2
What is the tens digit of 305637?
3
What is the thousands digit of 3915019?
5
What is the millions digit of 1985246?
1
What is the units digit of 2853853?
3
What is the units digit of 357722?
2
What is the ten thousands digit of 149852?
4
What is the millions digit of 1527159?
1
What is the hundreds digit of 1738800?
8
What is the ten thousands digit of 21504?
2
What is the tens digit of 743739?
3
What is the hundreds digit of 352547?
5
What is the ten millions digit of 14622078?
1
What is the millions digit of 1021694?
1
What is the units digit of 2475604?
4
What is the hundred thousands digit of 121871?
1
What is the units digit of 490728?
8
What is the millions digit of 2373417?
2
What is the ten thousands digit of 2109891?
0
What is the tens digit of 552338?
3
What is the thousands digit of 355440?
5
What is the hundreds digit of 3363610?
6
What is the thousands digit of 4320372?
0
What is the units digit of 1397966?
6
What is the ten thousands digit of 7671626?
7
What is the thousands digit of 648421?
8
What is the ten thousands digit of 3489360?
8
What is the tens digit of 4064481?
8
What is the millions digit of 2277780?
2
What is the hundred thousands digit of 1421199?
4
What is the thousands digit of 28029590?
9
What is the units digit of 13218023?
3
What is the hundreds digit of 242081?
0
What is the ten millions digit of 19650609?
1
What is the thousands digit of 712758?
2
What is the thousands digit of 1410672?
0
What is the units digit of 5221263?
3
What is the thousands digit of 2050474?
0
What is the tens digit of 3237519?
1
What is the thousands digit of 345605?
5
What is the hundreds digit of 3389324?
3
What is the tens digit of 479820?
2
What is the millions digit of 2435076?
2
What is the hundred thousands digit of 852896?
8
What is the thousands digit of 9804356?
4
What is the tens digit of 279757?
5
What is the hundred thousands digit of 824823?
8
What is the hundreds digit of 280706?
7
What is the tens digit of 202366?
6
What is the hundreds digit of 1981404?
4
What is the hundreds digit of 1033249?
2
What is the hundreds digit of 3812842?
8
What is the units digit of 202977?
7
What is the units digit of 871648?
8
What is the hundreds digit of 19487748?
7
What is the millions digit of 2423676?
2
What is the thousands digit of 3337412?
7
What is the hundred thousands digit of 609094?
6
What is the ten thousands digit of 678767?
7
What is the tens digit of 8457218?
1
What is the millions digit of 5837992?
5
What is the thousands digit of 120106?
0
What is the units digit of 8738331?
1
What is the hundreds digit of 441632?
6
What is the units digit of 72396?
6
What is the millions digit of 6939873?
6
What is the ten thousands digit of 439687?
3
What is the hundreds digit of 7344545?
5
What is the hundreds digit of 3253360?
3
What is the tens digit of 3188950?
5
What is the thousands digit of 4793982?
3
What is the tens digit of 1218683?
8
What is the hundred thousands digit of 129408?
1
What is the ten thousands digit of 433005?
3
What is the ten thousands digit of 292492?
9
What is the millions digit of 1156264?
1
What is the ten thousands digit of 889882?
8
What is the hundred thousands digit of 903703?
9
What is the millions digit of 4052593?
4
What is the hundred thousands digit of 1010563?
0
What is the hundred thousands digit of 2877334?
8
What is the thousands digit of 228842?
8
What is the thousands digit of 701489?
1
What is the ten thousands digit of 286714?
8
What is the millions digit of 5337282?
5
What is the ten thousands digit of 79046?
7
What is the hundreds digit of 622679?
6
What is the ten millions digit of 13166840?